**2 - 4*m + 1. Is a(-3) a composite number?
False
Let k(f) = -13*f + 1. Let d = -4 - -6. Let h be k(d). Let y = -6 - h. Is y composite?
False
Let p(k) = 2*k**3 - 3*k**2 + 3. Let m be p(2). Suppose -2*o = -m*o + 2065. Is o a prime number?
False
Suppose q - 4*q + 210 = 2*f, 0 = q + 4. Is f composite?
True
Let c(m) = m + 2. Let s(f) = 2*f + 3. Let u(h) = 13*c(h) - 6*s(h). Is u(11) composite?
False
Suppose 7*m - 2 = 481. Is m composite?
True
Let q = 7 - 3. Suppose -z + 3 = -4*y, -4*z + 2*y + 12 = -0*y. Suppose -2*p - 2*u - 10 = -z*p, -3*p - q*u = -30. Is p composite?
True
Let f = 1054 + -371. Is f prime?
True
Let n(o) = -166*o + 9. Is n(-4) prime?
True
Suppose -3*y + 0*y = 3*i - 927, 0 = 2*i + 5*y - 624. Is i prime?
True
Suppose 0 = -0*p + 2*p + 8, -3*q + 226 = -p. Is q prime?
False
Suppose 3*k + 291 = -87. Let z = -71 - k. Is z prime?
False
Let p = -31 - -165. Is p composite?
True
Let i(l) = -6*l**3 - 3*l**2 - l + 2. Let g be i(-2). Suppose 3*p - 164 - 115 = 0. Let c = p + g. Is c a composite number?
True
Let s = -163 + 614. Is s composite?
True
Let t be (-30)/4*8/(-6). Suppose -u + t = -3*o, 13 = 3*u + u - 3*o. Is 2 + 32 + 0 + u a composite number?
True
Suppose -5*q + 98 = -177. Is q a prime number?
False
Let b(k) = 8*k - 2. Let p = 2 - -1. Let t be 1/3 + 5/p. Is b(t) prime?
False
Let u(p) = 2*p**3 - 3*p**2 + p + 1. Is u(4) a prime number?
False
Let i = 511 + -230. Let g = i - 192. Is g composite?
False
Suppose 0 = 5*h - 4*m - 2549, 5*h = 2*h + m + 1528. Suppose -4*p = -h - 155. Is p composite?
True
Let u(q) = -q**3 - 4*q - 18. Is u(-11) a prime number?
False
Let q be ((-2)/3)/(5/(-15)). Is 329/q - 9/6 a composite number?
False
Let r(p) = p**3 + 5*p**2 + 3*p - 2. Let z(h) = -h**3 - 7*h**2 - h - 10. Let q be z(-7). Is r(q) a prime number?
True
Let o(l) = l**3 + 4*l**2 - 6*l + 6. Let c(y) = y**2 - 4*y - 5. Let a be c(6). Let p(q) = -q**3 + 7*q**2 - 2*q + 9. Let t be p(a). Is o(t) prime?
True
Suppose -5*n = -324 - 146. Let i be (0 - -1)/((-4)/220). Let a = i + n. Is a composite?
True
Let b(d) = 6*d + 15. Let r be b(-10). Is -4*(-3 - r/(-4)) prime?
False
Let a = -5 - 1. Let h(i) = i**3 + 7*i**2 - 4*i + 5. Is h(a) a composite number?
True
Let p = -3 - -9. Suppose -t = -p*t + 1905. Is t a prime number?
False
Is 8/(-52) + (-4149)/(-13) composite?
True
Is (36 - 2)/(2/23) prime?
False
Let b(z) = -6*z**2 + 4*z - 3. Let h be b(3). Let n be (-4)/(3*4/(-408)). Let g = h + n. Is g a composite number?
True
Suppose -f - 1 = b, 3*b + 0*f - 5*f - 37 = 0. Suppose -4*o = b*a - 2576, -4*a - 2560 = -4*o - 0*o. Suppose 5*x - o = -47. Is x a prime number?
False
Suppose -36 = -0*o - 5*o + y, -3*o + 12 = -3*y. Let d be (3*-1)/(o/(-24)). Is (-573)/2*(-6)/d prime?
True
Suppose 2*a - 1 - 13 = 0. Let l(s) = a*s - 1 + 3*s**2 - 3*s + 0*s. Is l(-3) a prime number?
False
Suppose -41 - 192 = u. Let o = u - -151. Let c = -48 - o. Is c a prime number?
False
Let s(r) = 3*r. Let w be s(1). Suppose 5*x - 155 = -w*u + 115, 2*u + x - 173 = 0. Is u a prime number?
False
Is ((-3281)/2)/(5/(-10)) a prime number?
False
Suppose -3*d = 2*d + 5*g - 15, 0 = 3*d + g - 19. Let f be ((-102)/(-8))/(3/d). Suppose -3*b - f = -91. Is b a composite number?
False
Suppose -5*r - 53 - 2 = 0. Suppose 3*y - 5 = -2*y. Is 1 - y - r - 0 composite?
False
Is 7610/40 + 3/4 composite?
False
Let c(w) = -3*w**3 + 7*w**2 - 2*w - 7. Let i be 88/(-16) - 1/(-2). Let o be c(i). Suppose -4*h + o = -379. Is h a composite number?
False
Let h(b) = b. Let d(x) = -x**3 - 6*x**2 + 4. Let f be d(-6). Let y be h(f). Suppose 2*l - s - 174 = -l, -y*l = 3*s - 219. Is l composite?
True
Suppose -w + 2*w + 4*b = -24, 3*b = -15. Let u be (w/12)/((-1)/879). Suppose -92 - u = -5*v. Is v composite?
True
Suppose -19 = -d + 31. Let w be -39 - ((-2)/(-1) - 5). Let r = w + d. Is r composite?
True
Suppose -k = -0*k + 5*q - 154, 3*k = -3*q + 522. Is k composite?
False
Suppose 2*c + 26 = -74. Is (-6)/10 + (-4780)/c a composite number?
True
Let p = 180 - 391. Let k = p + 300. Is k prime?
True
Let o(g) be the third derivative of g**7/2520 + g**6/720 + 161*g**5/120 - g**4/12 + g**2. Let u(r) be the second derivative of o(r). Is u(0) a prime number?
False
Let h be ((-52)/6)/((-2)/(-6)). Let u = h + 63. Is u composite?
False
Let l(m) = -m**2 + 9*m - 10. Let a be (2/(-1))/((-4)/14). Let x be l(a). Is ((-106)/3)/(x/(-6)) a prime number?
True
Let u(n) be the third derivative of -n**6/120 + n**5/15 + 5*n**4/24 - n**3/3 - 2*n**2. Let o be u(5). Is (-2 - 77)/(-1) + o a composite number?
True
Suppose 185 + 1305 = 2*h. Is h a prime number?
False
Let o(b) = -b**2 + 6*b - 7. Suppose 0 = 4*x + x - 25. Let t be o(x). Is t/7 - 247/(-7) a prime number?
False
Let s = -2 - 0. Let o be (2 - -1)/(3/s). Is 24/(0 - o) - 1 composite?
False
Let k(h) = -131*h + 1. Let d be k(-1). Let q = 91 + d. Is q prime?
True
Let n(d) = -d - 9. Let h be n(-9). Let o(f) = f**3 - f**2 + f - 48. Let g be o(h). Let l = g - -87. Is l composite?
True
Let a be (-14)/21 + (-11)/(-3). Suppose -a*y + 590 + 43 = 0. Is y a prime number?
True
Suppose 0 = -8*k + 7296 + 1512. Is k a prime number?
False
Suppose -4444 = -5*q + s, -q - 2*q = 5*s - 2672. Is q composite?
True
Let k be 2 - 0*1/2. Suppose -k*h = -0*h - 18. Is h + 2 - 0/2 a composite number?
False
Let m = 2 + -4. Let t be (2 - 1)*m + 0. Let a(j) = j**3 + 4*j**2 - 2*j - 1. Is a(t) prime?
True
Suppose 2*n - 5*n + 192 = 0. Let q = n - -67. Is q a prime number?
True
Suppose 4*m + 1436 = 8*m. Is m a prime number?
True
Suppose 2*w = 5*s - 275, -5*s = -w - 3*w - 535. Let l = -39 - w. Is l prime?
False
Let i be 12/7 + (-6)/(-21). Suppose i*p - 17 = 11. Let d = p - -7. Is d a prime number?
False
Let p be 1 - (-3 - (-3 + 0)). Let d(t) = 155*t. Is d(p) prime?
False
Let r(w) = 3*w**2 + 3*w - 4. Let m = -4 - -1. Is r(m) a composite number?
True
Let w(l) = -l**3 + 8*l**2 - 6*l - 6. Let j be w(7). Suppose 0 = 3*g - 2*h - 133, -1 = -3*h + 2. Suppose -3*d + g = 3*u, 0*u + 3*u - j = d. Is d prime?
True
Suppose 3*c + d - 2095 = -2*c, -d = 3*c - 1257. Is c prime?
True
Suppose -3*h + 1167 = -0*h. Let a = -176 + h. Is a a prime number?
False
Suppose 2*i = 22 + 32. Let k be 33/i + (-2)/9. Is (-1 + 2)*11*k a prime number?
True
Let a(n) = -12*n - 3. Let i(q) = -8*q - 2. Let x(g) = -5*a(g) + 8*i(g). Is x(-2) prime?
True
Suppose 29*l = 31*l - 814. Is l composite?
True
Suppose -3*x = 5*x - 8216. Is x prime?
False
Suppose -5*r - 1841 + 5526 = 0. Is r a composite number?
True
Let i = 1 + 2. Suppose -i*c = -8*c + 1055. Is c a prime number?
True
Suppose n - 2*n = 0. Suppose 412 = 5*h - 2*c + 3*c, n = 3*h - 3*c - 258. Suppose 0*s = s - h. Is s composite?
False
Let m(f) = -4*f**3 - 12*f**2 + 14*f + 9. Let s(o) = -o**3 - 1. Let h(z) = m(z) - 2*s(z). Is h(-9) composite?
True
Let t = 2328 + -1337. Is t composite?
False
Is (-1 + 54)*851/37 prime?
False
Let g be 2/(-3)*(-306)/12. Suppose -5*r + 52 = g. Is r composite?
False
Let d = -3 + 5. Let h(a) = 0*a + 2 + 0*a + 5*a**2. Is h(d) a composite number?
True
Let p(n) = -n**2 - 4*n. Let i be p(-4). Suppose -a = -i*a + 2. Let z(f) = -9*f**3 - 2*f**2 - 3*f - 3. Is z(a) prime?
True
Suppose -4*h + 375 = 3*w, 250 = -3*w + 5*w - 2*h. Suppose -660 = -u + w. Is u prime?
False
Suppose -b - 3 = -9. Let s be 2668/b + 8/(-12). Suppose o - s = -3*o. Is o composite?
True
Suppose 3*c - b - 2*b = 2400, -5*b + 782 = c. Is c a composite number?
False
Is (-3498)/(-8) - (-2)/(-8) a composite number?
True
Let y = 20 - -31. Is y prime?
False
Suppose 0 = i - 6*i + 1435. Is i composite?
True
Suppose -2*x = x - 14622. Is x composite?
True
Let d be 30/50 + 2/5. Suppose 3*p = -l + 4 + d, 3*p = -4*l + 11. Let i(j) = 52*j**2 - 3*j + 1. Is i(l) prime?
False
Let d(m) = m**2 - m - 4*m + 0*m - 13. Is d(-11) prime?
True
Let c = 705 - 388. Is c a composite number?
False
Suppose 4*c - 2 = 6. Suppose -k = 2*o + c*k - 4, 0 = -k. Suppose -4*h - o = -4*m - 178, -4*m = -h + 29. Is h prime?
False
Suppose 4*h = -5*g + 32, -3*g + 0*h = 5*h - 27. Let m = g - 2. Is m/7 + (-7758)/(-42) prime?
False
Suppose 5*r - 20 = -h, -4*h - 2*r + 8 = -18. Let o(i) be the first derivative of 9*i**2 - 7*i - 1. Is o(h) a prime number?
True
Let q(j) = -52*j - 1. Let u be (0 - -2)*(-3)/6. Is q(u) composite?
True
Is (-635*12/(-30))/(4/62) prime?
False
Let w(k) = 4*k**3 - 8*k**2 + 4*k - 3. Is w(